-2*m = -7*m - q - 26, -4*m - 28 = -q. Let f(i) = i**2. Let p(h) = 7*h**2 + 2*h - 2. Let t(s) = m*f(s) + p(s). Give t(2).
6
Suppose 16 - 4 = -2*b. Let o(i) = i**2 + 6*i - 1. Determine o(b).
-1
Let m(r) be the second derivative of 1/12*r**4 + 2*r + 1/2*r**2 + 0 + 7/6*r**3. Let u be m(-7). Let y(b) = 7*b**3 + b**2 - 2*b + 1. What is y(u)?
7
Let m be 9/(-2)*2/(-3). Suppose -d - 4 = m*d. Let u(p) = 3*p**3 - p**2 - p - 1. Calculate u(d).
-4
Let t(n) = 1 - 3*n**3 + 2*n**3 - 5*n**3 + 5*n**3 + 7*n + 5*n**2. Calculate t(6).
7
Let i(x) = -x**3 + 9*x**2 - 1. Let t = 68 - 44. Let y = t - 15. Let u be i(y). Let h(f) = -f**3 + 2*f**2 + 2*f + 1. Calculate h(u).
2
Let m(h) = -4*h. Let j = -13 - -15. Give m(j).
-8
Let b(i) = i + 1. Let q = 2 + -1. Let r = q + -4. Calculate b(r).
-2
Let r(w) = -4*w**2 - w**2 + 6*w**2 + 2*w + 2 + 3*w. Give r(-2).
-4
Let v(t) = -t**3 + 6*t**2 - 5*t + 1. Let l be (2/2)/(3/12). Calculate v(l).
13
Let f = -74/3 + 25. Let c(v) be the second derivative of -3*v - 1/2*v**2 + 0 - 1/6*v**4 - f*v**3 - 1/20*v**5. Determine c(-2).
3
Suppose 23 = 3*y + 2*b - b, -4*y - 5*b + 49 = 0. Let k(g) = 2*g**2 - y*g**2 + 5 - g**3 + 3*g - 4. What is k(-5)?
11
Let o(j) = -2 + 17*j**3 - j + 6*j**2 - 6 - 16*j**3. Determine o(-6).
-2
Let t(i) = 5*i**3 + 15*i**2 - 5*i - 14. Let a(y) = 9*y**3 + 29*y**2 - 9*y - 27. Let n(v) = 6*a(v) - 11*t(v). What is n(9)?
1
Let q be (19 + -19)*(-2)/(-4). Let y(w) = -w**2 - w - 15. Calculate y(q).
-15
Let u(f) = f**3 - 4*f**2 - 5*f - 3. Let o = -9 + 1. Let d = o - -13. What is u(d)?
-3
Let r(d) = -d + 4*d - 2*d + d**2 - 1. Let g(p) = p**3 - p**2 + 10*p - 5. Let l(o) = -g(o) + 4*r(o). Suppose 4*z - 8 = 0, 2*m = 4*m - 4*z. Determine l(m).
-7
Suppose 3*l + 1 = -2*m + 6, -2*l = 2. Let y = -7 + m. Let n(g) = g**3 + 2*g**2 + 3. Determine n(y).
-6
Let p(c) = 6*c - 7. Let z(t) = 5*t - 6. Let q(a) = 3*p(a) - 4*z(a). Let o = 10 + -4. Suppose 2*u + 0*u = o. What is q(u)?
-3
Suppose -5*i - 5*d + 4*d + 1 = 0, 5*d - 5 = -2*i. Let a(g) = g + 2. Determine a(i).
2
Let m(a) = a**3 + 5*a**2 + a - 4. Let y(s) = 5*s - 3. Let z(r) = r - 1. Let n(k) = -y(k) + 4*z(k). Let q be n(0). Let c be (q/2)/((-7)/(-56)). Determine m(c).
8
Let a(c) = 3*c**3 + 13*c**2 - 4*c - 6. Let t(w) = -8*w**3 - 38*w**2 + 13*w + 19. Let x(j) = 11*a(j) + 4*t(j). Calculate x(8).
10
Let x(t) = 4*t - 41. Let d be x(10). Let p(j) = 4*j**3 + 2*j**2 + 2*j + 1. Calculate p(d).
-3
Let t(l) = l**3 - l**2 + l + 5. Let p = 15 - 15. Calculate t(p).
5
Let o(a) be the second derivative of a**5/40 - a**3/3 + 2*a. Let y(c) be the second derivative of o(c). Let g be (-4)/6 - (-3)/(-9). Determine y(g).
-3
Let x(r) = -8*r + 0 + 1 + 2*r**3 + r**2 - 4 + 2. Let y(b) = 3*b**3 + b**2 - 7*b - 1. Let j(s) = 6*x(s) - 7*y(s). Determine j(-1).
8
Let i(p) = 9*p + 3. Let z(w) = 19*w + 7. Let f(g) = 9*i(g) - 4*z(g). Calculate f(1).
4
Let y(u) = -u**2 + 5*u - 4. Let l(q) = q**2 - 9*q. Let r(v) = -v**2 + 10*v + 1. Let h(c) = -5*l(c) - 4*r(c). Let j(s) = 4*h(s) - 5*y(s). Calculate j(4).
0
Let a(d) = -3*d - 4*d**2 - 3 - 2*d**2 - 6 + d**3 + 6*d. Determine a(6).
9
Let x(c) = -c**3 - 6*c**2 - 5*c + 7. Let a = 8 + -6. Suppose -5 = a*m - m. What is x(m)?
7
Let g(h) = -h**2 - 11*h - 4. Let l be g(-8). Suppose -2*y = 2*y - l. Let o(a) = a**2 - 5*a + 5. Give o(y).
5
Suppose 0 = -2*i - 4*i + 30. Let l(t) = t**2 - 5*t + 6. Give l(i).
6
Let p(t) be the first derivative of -t**4/4 + t**3 + t**2/2 - 2*t + 1. Suppose -3*q = 4*o - 4, 0 = q - 4. What is p(o)?
16
Let j(b) = -b**2 + 1. Let m = 6 - 10. Let l(v) = -5*v**2 + v + 9. Suppose 0 = 2*p - 8, i + 2 = p - 1. Let x(c) = i*l(c) + m*j(c). Determine x(0).
5
Let v be (-4 + 5)*-4*1. Let r(w) = w**2 + 3*w + 3. Determine r(v).
7
Let z = -5 + 14. Suppose -1 = 2*w + z. Let l(v) = -v**3 - 9*v**2 - v + 8. Let n(d) = -d**3 - 8*d**2 - 2*d + 7. Let b(k) = 2*l(k) - 3*n(k). Determine b(w).
0
Let z(h) be the third derivative of -h**5/20 - h**4/24 + h**3/6 - h**2. Determine z(1).
-3
Let b(v) = v**3 - 3*v**2 + 3*v + 3. Let y be b(3). Suppose 4*f = -y + 28. Let u(z) = -z**2 + 4*z - 4. Give u(f).
-4
Let x = 15 + -13. Let q(f) = -f**2 - 1. Calculate q(x).
-5
Let q(n) = -2*n - 1. Let f(d) = d**3 - 5*d**2 - 2*d + 9. Let k be f(5). Determine q(k).
1
Suppose 5*b - 175 = -0. Let d be (-4)/(-18) + (-158)/(-18). Suppose 5*z + b = 5*c, -2*z + d = -4*z - 3*c. Let n(i) = i**3 + 5*i**2 - 7*i. Determine n(z).
6
Let q(l) = -7*l**2 - l**3 - 9 + 2*l**3 + 0*l**3. Let h(v) = -2*v - 5. Let o be h(-6). What is q(o)?
-9
Let i(u) = -u**2 - 3*u - 4. Suppose -w - 2*g - 9 = 0, -2*g = -w + 3*w + 12. Give i(w).
-4
Let t be 2/9 - 399/(-27). Let r be (-2)/5 + 66/t. Let x(o) = 4*o - 3*o**2 + r*o**2 - 5 - 1. Calculate x(-5).
-1
Let u = 15 + -21. Let k = u + 3. Let f(o) = -o**3 - 4*o**2 - 3*o + 4. What is f(k)?
4
Let b(q) = 7*q**2 - 7*q**2 + 1 + q**3. Let u be b(-1). Suppose -3*m = -u*m + 18. Let i(p) = p**2 + 6*p. Determine i(m).
0
Let s(x) be the third derivative of x**5/30 - x**4/24 + x**3/3 + x**2. Let q = 497 + -494. Give s(q).
17
Suppose -5*z - 24 = -z. Let b(f) = f**3 + 7*f**2 + 5*f - 1. Calculate b(z).
5
Let v(x) = -x**3 + 4*x**2 + 6*x - 5. Let m be v(5). Let b be (m/(-3))/(-2) - -3. Suppose 0*w = -2*c + 2*w + 4, -14 = c + b*w. Let y(t) = t - 1. Determine y(c).
-3
Let h(o) = o**3 + 3*o**2 + 2*o + 2. Suppose -4*y + m = 2*m - 22, -8 = -2*y + m. Let q = y + -9. Let d be (-10)/4 + (-2)/q. What is h(d)?
2
Let o(n) = 7*n**3 + 6*n**2 + 2*n + 5. Let m(q) = 20*q**3 + 17*q**2 + 6*q + 14. Let x(z) = -6*m(z) + 17*o(z). Let f be 2/4 + 2/4. Give x(f).
-2
Let q(r) be the second derivative of -r**4/3 - r**3/3 - 3*r**2/2 + 7*r. What is q(-2)?
-15
Let v(n) = -n**2 - 5*n + 5. Let p = 15 - 9. Suppose 2*k + 5 = -19. Let z = k + p. Determine v(z).
-1
Let u(o) = -o + 2. Let w be (-30)/(-2) + 0/2. Suppose -i = -6*i + w. Give u(i).
-1
Let k = -26 - -25. Let n(q) = 3*q**3 + 2*q + 1. Give n(k).
-4
Let z(n) be the second derivative of -27*n**5/20 + n**2/2 + 25*n. Give z(1).
-26
Let o be (-4 + -1)*(-10)/25. Let l(p) = -7*p**3 - 15*p**2 + 15*p**o + 1. Give l(1).
-6
Suppose 6 = -3*j, -14 = -2*n + 7*j - 3*j. Let v be 4/(6/n) - 0. Suppose -a + 7 = -2*a - v*i, 4*i + 2 = 2*a. Let s(d) = -d**3 - 3*d**2 - 2*d + 3. Determine s(a).
9
Let k(o) = 2*o - 3*o + 2*o. Determine k(-1).
-1
Let u(t) = 2*t + 4 - 5*t**2 + t**3 - 3 - 2. Let p be 3 + -5 - 9/3. Let i be 75/(-30)*8/p. Determine u(i).
-9
Let w(r) = -5*r + r - 6 + 0*r + 5*r. Let a be w(4). Let p(t) = t**2 - 2*t - 3. Determine p(a).
5
Let k = 24 + -29. Let c(v) = 3 + v**3 - 3*v + 4*v**2 - 5*v + 2*v. What is c(k)?
8
Let l = 1 + -6. Let d(i) = i**3 + 11*i**2 - 6*i + 4. Let o(w) = w**3 + 12*w**2 - 7*w + 5. Let r(c) = -7*d(c) + 6*o(c). Calculate r(l).
2
Let n(w) = -w**2 + 2 - 3*w + 1 + 0. Let y(u) = -10*u - 1. Let v be y(-1). Suppose -4*h = -v*h - 20. What is n(h)?
-1
Let x(o) = 15*o**3 - 2*o**2 - 2*o + 2. Let c(g) be the first derivative of -2*g**4 + g**3/3 + g**2/2 - g - 4. Let q(k) = 7*c(k) + 4*x(k). Calculate q(1).
3
Let v(x) = -387 + x + 381 - 2*x. Calculate v(-10).
4
Let n(u) = u - 5. Suppose -6 = 4*d + 54. Let x = d - -11. What is n(x)?
-9
Let v(a) = -a + 2. Suppose -3*i + 0*i = 9. Let s = i + 5. Determine v(s).
0
Let i(k) = k + 5. Suppose -2*b + 0*h = h + 12, h = 2*b + 16. Calculate i(b).
-2
Let b(i) = i**2 + 4*i - 15. Let y be b(-7). Let c(g) = 2*g**2 - 5*g - 2. Let p(j) = j**2 - 2*j - 1. Let f(s) = 3*c(s) - 5*p(s). Calculate f(y).
5
Let r(h) = 2*h - 7. Let c = 21 - 12. Let l(x) = -x + 1. Let u(b) = -b**2 + 13*b - 7. Let n(i) = 3*l(i) + u(i). Let v be n(c). Calculate r(v).
3
Let s = 92 - 91. Let w(y) = y**2 + y + 2. Let n(i) = -2*i**2 - 2*i - 5. Let h(p) = -p**2 + 5*p + 1. Let x be h(4). Let r(l) = x*w(l) + 2*n(l). Calculate r(s).
2
Let o(s) = -s**2 - 6*s + 3. Let i(f) = -f**2 - 5*f + 3. Let m(r) = -4*i(r) + 3*o(r). Suppose 11*v - 9*v + 8 = 0. Give m(v).
5
Let q(j) = 2*j - 24. Let d(a) = -a + 12. Let z(o) = -11*d(o) - 6*q(o). Determine z(6).
6
Let m(f) = -2*f + 15 - 6 + 5*f. Let y(b) = 2*b + 8. Let z(d) = 5*m(d) - 6*y(d). What is z(2)?
3
Let q = 3 + 2. Let s = 0 - q. Let v(p) = p + 7. What is v(s)?
2
Let t(v) be the second derivative of v**5/20 - 3*v**4/4 + v**3/6 - 6*v**2 + 28*v. Calculate t(9).
-3
Let y = 5 + -13. Let j = y - -5. Let f(o) = o**3 - o - 2*o - 2*o**3 - 4*o**2 - 4. What is f(j)?
-4
Le